{"id":265,"date":"2021-07-06T16:21:43","date_gmt":"2021-07-06T16:21:43","guid":{"rendered":"https:\/\/www.prolepsys.pt\/?page_id=265"},"modified":"2025-11-16T00:11:51","modified_gmt":"2025-11-16T00:11:51","slug":"vera-sousa","status":"publish","type":"page","link":"https:\/\/www.prolepsys.pt\/?page_id=265","title":{"rendered":"Vera Sousa"},"content":{"rendered":"\n<p><strong>VERA SOUSA<\/strong> iniciou o seu percurso liter\u00e1rio em 2002. Conta com 17 obras publicadas, desde romances, monografias, livros infantis a poesia e prosa po\u00e9tica, algumas delas editadas em Ingl\u00eas e Franc\u00eas. J\u00e1 participou em mais de uma dezena e meia de antologias po\u00e9ticas, prefaciou obras de outros autores, foi cronista em jornais regionais e <em>escritora-fantasma<\/em>.\u00a0Em 2011, Marcelo Rebelo de Sousa, enquanto comentador televisivo, sugeriu a leitura de um dos seus romances, <em>A \u00daltima Carta que te Deixei<\/em>. \u00a0<\/p>\n\n\n\n<p><\/p>\n\n\n\n<div class=\"wp-block-columns is-layout-flex wp-container-core-columns-is-layout-9d6595d7 wp-block-columns-is-layout-flex\">\n<div class=\"wp-block-column is-layout-flow wp-block-column-is-layout-flow\" style=\"flex-basis:100%\"><\/div>\n<\/div>\n","protected":false},"excerpt":{"rendered":"<p>VERA SOUSA iniciou o seu percurso liter\u00e1rio em 2002. Conta com 17 obras publicadas, desde romances, monografias, livros infantis a poesia e prosa po\u00e9tica, algumas delas editadas em Ingl\u00eas e Franc\u00eas. J\u00e1 participou em mais de uma dezena e meia de antologias po\u00e9ticas, prefaciou obras de outros autores, foi cronista em jornais regionais e escritora-fantasma.\u00a0Em [&hellip;]<\/p>\n","protected":false},"author":2,"featured_media":0,"parent":121,"menu_order":2,"comment_status":"closed","ping_status":"closed","template":"","meta":{"footnotes":""},"class_list":["post-265","page","type-page","status-publish","hentry"],"_links":{"self":[{"href":"https:\/\/www.prolepsys.pt\/index.php?rest_route=\/wp\/v2\/pages\/265","targetHints":{"allow":["GET"]}}],"collection":[{"href":"https:\/\/www.prolepsys.pt\/index.php?rest_route=\/wp\/v2\/pages"}],"about":[{"href":"https:\/\/www.prolepsys.pt\/index.php?rest_route=\/wp\/v2\/types\/page"}],"author":[{"embeddable":true,"href":"https:\/\/www.prolepsys.pt\/index.php?rest_route=\/wp\/v2\/users\/2"}],"replies":[{"embeddable":true,"href":"https:\/\/www.prolepsys.pt\/index.php?rest_route=%2Fwp%2Fv2%2Fcomments&post=265"}],"version-history":[{"count":19,"href":"https:\/\/www.prolepsys.pt\/index.php?rest_route=\/wp\/v2\/pages\/265\/revisions"}],"predecessor-version":[{"id":622,"href":"https:\/\/www.prolepsys.pt\/index.php?rest_route=\/wp\/v2\/pages\/265\/revisions\/622"}],"up":[{"embeddable":true,"href":"https:\/\/www.prolepsys.pt\/index.php?rest_route=\/wp\/v2\/pages\/121"}],"wp:attachment":[{"href":"https:\/\/www.prolepsys.pt\/index.php?rest_route=%2Fwp%2Fv2%2Fmedia&parent=265"}],"curies":[{"name":"wp","href":"https:\/\/api.w.org\/{rel}","templated":true}]}}

<p><strong>VERA SOUSA</strong> iniciou o seu percurso literário em 2002. Conta com 17 obras publicadas, desde romances, monografias, livros infantis a poesia e prosa poética, algumas delas editadas em Inglês e Francês. Já participou em mais de uma dezena e meia de antologias poéticas, prefaciou obras de outros autores, foi cronista em jornais regionais e <em>escritora-fantasma</em>. Em 2011, Marcelo Rebelo de Sousa, enquanto comentador televisivo, sugeriu a leitura de um dos seus romances, <em>A Última Carta que te Deixei</em>.  </p>



<p></p>



<div class="wp-block-columns is-layout-flex wp-container-core-columns-is-layout-9d6595d7 wp-block-columns-is-layout-flex">
<div class="wp-block-column is-layout-flow wp-block-column-is-layout-flow" style="flex-basis:100%"></div>
</div>

<p>VERA SOUSA iniciou o seu percurso literário em 2002. Conta com 17 obras publicadas, desde romances, monografias, livros infantis a poesia e prosa poética, algumas delas editadas em Inglês e Francês. Já participou em mais de uma dezena e meia de antologias poéticas, prefaciou obras de outros autores, foi cronista em jornais regionais e escritora-fantasma. Em [&hellip;]</p>
