{"id":465,"date":"2022-07-05T13:01:29","date_gmt":"2022-07-05T13:01:29","guid":{"rendered":"https:\/\/www.prolepsys.pt\/?page_id=465"},"modified":"2022-07-05T13:02:26","modified_gmt":"2022-07-05T13:02:26","slug":"jose-tiago-c-filipe","status":"publish","type":"page","link":"https:\/\/www.prolepsys.pt\/?page_id=465","title":{"rendered":"Jos\u00e9 Tiago C. Filipe"},"content":{"rendered":"\n<p>JOS\u00c9 TIAGO C. FILIPE nasceu em 1953. Na sua terra natal, foi ardina e aprendiz de marceneiro.<br>Licenciou-se no Ensino de Matem\u00e1tica e Desenho. \u00c9 Mestre em Educa\u00e7\u00e3o, variante de Administra\u00e7\u00e3o Escolar.<br>Exerceu a sua atividade profissional, durante trinta e seis anos, como professor de Matem\u00e1tica do Ensino Secund\u00e1rio e como membro dos \u00f3rg\u00e3os de gest\u00e3o do mesmo ramo de Ensino. Lecionou em cursos de forma\u00e7\u00e3o complementar de professores na \u00e1rea da Administra\u00e7\u00e3o Escolar.<br><\/p>\n\n\n\n<figure class=\"wp-block-image size-large is-resized\"><a href=\"https:\/\/www.prolepsys.pt\/?product=o-mariola-do-cabecote\"><img loading=\"lazy\" decoding=\"async\" src=\"https:\/\/www.prolepsys.pt\/wp-content\/uploads\/2022\/07\/Capa-Mariola-2-645x1024.jpg\" alt=\"\" class=\"wp-image-394\" width=\"161\" height=\"256\" srcset=\"https:\/\/www.prolepsys.pt\/wp-content\/uploads\/2022\/07\/Capa-Mariola-2-645x1024.jpg 645w, https:\/\/www.prolepsys.pt\/wp-content\/uploads\/2022\/07\/Capa-Mariola-2-600x953.jpg 600w, https:\/\/www.prolepsys.pt\/wp-content\/uploads\/2022\/07\/Capa-Mariola-2-189x300.jpg 189w, https:\/\/www.prolepsys.pt\/wp-content\/uploads\/2022\/07\/Capa-Mariola-2-768x1220.jpg 768w, https:\/\/www.prolepsys.pt\/wp-content\/uploads\/2022\/07\/Capa-Mariola-2-300x477.jpg 300w, https:\/\/www.prolepsys.pt\/wp-content\/uploads\/2022\/07\/Capa-Mariola-2.jpg 805w\" sizes=\"auto, (max-width: 161px) 100vw, 161px\" \/><\/a><\/figure>\n","protected":false},"excerpt":{"rendered":"<p>JOS\u00c9 TIAGO C. FILIPE nasceu em 1953. Na sua terra natal, foi ardina e aprendiz de marceneiro.Licenciou-se no Ensino de Matem\u00e1tica e Desenho. \u00c9 Mestre em Educa\u00e7\u00e3o, variante de Administra\u00e7\u00e3o Escolar.Exerceu a sua atividade profissional, durante trinta e seis anos, como professor de Matem\u00e1tica do Ensino Secund\u00e1rio e como membro dos \u00f3rg\u00e3os de gest\u00e3o do [&hellip;]<\/p>\n","protected":false},"author":1,"featured_media":0,"parent":121,"menu_order":4,"comment_status":"closed","ping_status":"closed","template":"","meta":{"footnotes":""},"class_list":["post-465","page","type-page","status-publish","hentry"],"_links":{"self":[{"href":"https:\/\/www.prolepsys.pt\/index.php?rest_route=\/wp\/v2\/pages\/465","targetHints":{"allow":["GET"]}}],"collection":[{"href":"https:\/\/www.prolepsys.pt\/index.php?rest_route=\/wp\/v2\/pages"}],"about":[{"href":"https:\/\/www.prolepsys.pt\/index.php?rest_route=\/wp\/v2\/types\/page"}],"author":[{"embeddable":true,"href":"https:\/\/www.prolepsys.pt\/index.php?rest_route=\/wp\/v2\/users\/1"}],"replies":[{"embeddable":true,"href":"https:\/\/www.prolepsys.pt\/index.php?rest_route=%2Fwp%2Fv2%2Fcomments&post=465"}],"version-history":[{"count":2,"href":"https:\/\/www.prolepsys.pt\/index.php?rest_route=\/wp\/v2\/pages\/465\/revisions"}],"predecessor-version":[{"id":468,"href":"https:\/\/www.prolepsys.pt\/index.php?rest_route=\/wp\/v2\/pages\/465\/revisions\/468"}],"up":[{"embeddable":true,"href":"https:\/\/www.prolepsys.pt\/index.php?rest_route=\/wp\/v2\/pages\/121"}],"wp:attachment":[{"href":"https:\/\/www.prolepsys.pt\/index.php?rest_route=%2Fwp%2Fv2%2Fmedia&parent=465"}],"curies":[{"name":"wp","href":"https:\/\/api.w.org\/{rel}","templated":true}]}}

José Tiago C. Filipe

<p>JOSÉ TIAGO C. FILIPE nasceu em 1953. Na sua terra natal, foi ardina e aprendiz de marceneiro.<br>Licenciou-se no Ensino de Matemática e Desenho. É Mestre em Educação, variante de Administração Escolar.<br>Exerceu a sua atividade profissional, durante trinta e seis anos, como professor de Matemática do Ensino Secundário e como membro dos órgãos de gestão do mesmo ramo de Ensino. Lecionou em cursos de formação complementar de professores na área da Administração Escolar.<br></p>



<figure class="wp-block-image size-large is-resized"><a href="https://www.prolepsys.pt/?product=o-mariola-do-cabecote"><img loading="lazy" decoding="async" src="https://www.prolepsys.pt/wp-content/uploads/2022/07/Capa-Mariola-2-645x1024.jpg" alt="" class="wp-image-394" width="161" height="256" srcset="https://www.prolepsys.pt/wp-content/uploads/2022/07/Capa-Mariola-2-645x1024.jpg 645w, https://www.prolepsys.pt/wp-content/uploads/2022/07/Capa-Mariola-2-600x953.jpg 600w, https://www.prolepsys.pt/wp-content/uploads/2022/07/Capa-Mariola-2-189x300.jpg 189w, https://www.prolepsys.pt/wp-content/uploads/2022/07/Capa-Mariola-2-768x1220.jpg 768w, https://www.prolepsys.pt/wp-content/uploads/2022/07/Capa-Mariola-2-300x477.jpg 300w, https://www.prolepsys.pt/wp-content/uploads/2022/07/Capa-Mariola-2.jpg 805w" sizes="auto, (max-width: 161px) 100vw, 161px" /></a></figure>

<p>JOSÉ TIAGO C. FILIPE nasceu em 1953. Na sua terra natal, foi ardina e aprendiz de marceneiro.Licenciou-se no Ensino de Matemática e Desenho. É Mestre em Educação, variante de Administração Escolar.Exerceu a sua atividade profissional, durante trinta e seis anos, como professor de Matemática do Ensino Secundário e como membro dos órgãos de gestão do [&hellip;]</p>
