{"id":538,"date":"2025-03-09T20:08:39","date_gmt":"2025-03-09T20:08:39","guid":{"rendered":"https:\/\/www.prolepsys.pt\/?page_id=538"},"modified":"2025-03-10T17:27:37","modified_gmt":"2025-03-10T17:27:37","slug":"patricia-porto","status":"publish","type":"page","link":"https:\/\/www.prolepsys.pt\/?page_id=538","title":{"rendered":"Patr\u00edcia Porto"},"content":{"rendered":"\n<p>Patr\u00edcia Porto nasceu em 1978 em Portalegre, mas foi na vila de Nisa que sempre viveu at\u00e9 2007. Com ra\u00edzes na aldeia da Salavessa, pelo lado materno, e na vila de Nisa, pelo lado paterno, concluiu o ensino secund\u00e1rio em Nisa, mas antes j\u00e1 pensava na r\u00e1dio, em locu\u00e7\u00f5es e na escrita.<\/p>\n\n\n\n<p>Em 2003, licenciou-se em \u201cComunica\u00e7\u00e3o e Rela\u00e7\u00f5es-P\u00fablicas\u201d no Instituto Polit\u00e9cnico da Guarda. Fez alguns trabalhos para a R\u00e1dio S. Mamede, de Portalegre, apresentou o seu primeiro espet\u00e1culo com apenas 16 anos de idade, o Festival de Folclore do Rancho T\u00edpico das Cantarinhas de Nisa, realizado nas Portas de Montalv\u00e3o, deixou pisadas na reda\u00e7\u00e3o das revistas \u201cNisa Viva\u201d, \u201cE-Nisa\u201d, \u201cRevista Cultural\u201d, nos jornais \u201cO Distrito de Portalegre\u201d, \u201cNotas e Not\u00edcias\u201d, \u201cO Grito\u201d, \u201cJornal Nacional de Columbofilia\u201d e \u201cJornal de Nisa\u201d.<\/p>\n\n\n\n<p>A grava\u00e7\u00e3o para a Antena 1 sobre a situa\u00e7\u00e3o das mulheres no distrito de Portalegre, a apresenta\u00e7\u00e3o do Dia de Nisa na Expo 98, a grava\u00e7\u00e3o do programa \u201cRecantos\u201d para a RTP2, na Ilha de S. Miguel &#8211; A\u00e7ores, a participa\u00e7\u00e3o como oradora em duas palestras sobre jornalismo, voz off para document\u00e1rios e a apresenta\u00e7\u00e3o de concertos, espet\u00e1culos e eventos variados, representam o que j\u00e1 fez e que continua a fazer sempre que a sua presen\u00e7a \u00e9 requisitada.<\/p>\n\n\n\n<p>Atualmente, desempenha fun\u00e7\u00f5es de Assistente de Dire\u00e7\u00e3o numa empresa em Lisboa, mas a \u00e1rea da Comunica\u00e7\u00e3o ser\u00e1 sempre uma heran\u00e7a vinda do desconhecido, at\u00e9 ao fim da vida, e que a tratar\u00e1 com o seu maior profissionalismo.<\/p>\n\n\n\n<p>Pessoa simples, grata e a pensar sempre no pr\u00f3ximo, \u00e9 com humildade que procura comunicar com todos e, acima de tudo, representar a sua terra, Nisa, sempre que puder e tiver essa oportunidade.<\/p>\n\n\n\n<figure class=\"wp-block-image size-large is-resized\"><a href=\"https:\/\/www.prolepsys.pt\/?product=artesanato-de-nisa-o-legado-de-um-povo\"><img loading=\"lazy\" decoding=\"async\" width=\"629\" height=\"1024\" src=\"https:\/\/www.prolepsys.pt\/wp-content\/uploads\/2025\/03\/Capa-629x1024.jpg\" alt=\"\" class=\"wp-image-534\" style=\"width:169px;height:auto\" srcset=\"https:\/\/www.prolepsys.pt\/wp-content\/uploads\/2025\/03\/Capa-629x1024.jpg 629w, https:\/\/www.prolepsys.pt\/wp-content\/uploads\/2025\/03\/Capa-scaled-600x976.jpg 600w, https:\/\/www.prolepsys.pt\/wp-content\/uploads\/2025\/03\/Capa-184x300.jpg 184w, https:\/\/www.prolepsys.pt\/wp-content\/uploads\/2025\/03\/Capa-768x1250.jpg 768w, https:\/\/www.prolepsys.pt\/wp-content\/uploads\/2025\/03\/Capa-944x1536.jpg 944w, https:\/\/www.prolepsys.pt\/wp-content\/uploads\/2025\/03\/Capa-1258x2048.jpg 1258w, https:\/\/www.prolepsys.pt\/wp-content\/uploads\/2025\/03\/Capa-scaled.jpg 1573w\" sizes=\"auto, (max-width: 629px) 100vw, 629px\" \/><\/a><\/figure>\n","protected":false},"excerpt":{"rendered":"<p>Patr\u00edcia Porto nasceu em 1978 em Portalegre, mas foi na vila de Nisa que sempre viveu at\u00e9 2007. Com ra\u00edzes na aldeia da Salavessa, pelo lado materno, e na vila de Nisa, pelo lado paterno, concluiu o ensino secund\u00e1rio em Nisa, mas antes j\u00e1 pensava na r\u00e1dio, em locu\u00e7\u00f5es e na escrita. Em 2003, licenciou-se [&hellip;]<\/p>\n","protected":false},"author":2,"featured_media":0,"parent":121,"menu_order":0,"comment_status":"closed","ping_status":"closed","template":"","meta":{"footnotes":""},"class_list":["post-538","page","type-page","status-publish","hentry"],"_links":{"self":[{"href":"https:\/\/www.prolepsys.pt\/index.php?rest_route=\/wp\/v2\/pages\/538","targetHints":{"allow":["GET"]}}],"collection":[{"href":"https:\/\/www.prolepsys.pt\/index.php?rest_route=\/wp\/v2\/pages"}],"about":[{"href":"https:\/\/www.prolepsys.pt\/index.php?rest_route=\/wp\/v2\/types\/page"}],"author":[{"embeddable":true,"href":"https:\/\/www.prolepsys.pt\/index.php?rest_route=\/wp\/v2\/users\/2"}],"replies":[{"embeddable":true,"href":"https:\/\/www.prolepsys.pt\/index.php?rest_route=%2Fwp%2Fv2%2Fcomments&post=538"}],"version-history":[{"count":2,"href":"https:\/\/www.prolepsys.pt\/index.php?rest_route=\/wp\/v2\/pages\/538\/revisions"}],"predecessor-version":[{"id":545,"href":"https:\/\/www.prolepsys.pt\/index.php?rest_route=\/wp\/v2\/pages\/538\/revisions\/545"}],"up":[{"embeddable":true,"href":"https:\/\/www.prolepsys.pt\/index.php?rest_route=\/wp\/v2\/pages\/121"}],"wp:attachment":[{"href":"https:\/\/www.prolepsys.pt\/index.php?rest_route=%2Fwp%2Fv2%2Fmedia&parent=538"}],"curies":[{"name":"wp","href":"https:\/\/api.w.org\/{rel}","templated":true}]}}

Patrícia Porto

<p>Patrícia Porto nasceu em 1978 em Portalegre, mas foi na vila de Nisa que sempre viveu até 2007. Com raízes na aldeia da Salavessa, pelo lado materno, e na vila de Nisa, pelo lado paterno, concluiu o ensino secundário em Nisa, mas antes já pensava na rádio, em locuções e na escrita.</p>



<p>Em 2003, licenciou-se em “Comunicação e Relações-Públicas” no Instituto Politécnico da Guarda. Fez alguns trabalhos para a Rádio S. Mamede, de Portalegre, apresentou o seu primeiro espetáculo com apenas 16 anos de idade, o Festival de Folclore do Rancho Típico das Cantarinhas de Nisa, realizado nas Portas de Montalvão, deixou pisadas na redação das revistas “Nisa Viva”, “E-Nisa”, “Revista Cultural”, nos jornais “O Distrito de Portalegre”, “Notas e Notícias”, “O Grito”, “Jornal Nacional de Columbofilia” e “Jornal de Nisa”.</p>



<p>A gravação para a Antena 1 sobre a situação das mulheres no distrito de Portalegre, a apresentação do Dia de Nisa na Expo 98, a gravação do programa “Recantos” para a RTP2, na Ilha de S. Miguel &#8211; Açores, a participação como oradora em duas palestras sobre jornalismo, voz off para documentários e a apresentação de concertos, espetáculos e eventos variados, representam o que já fez e que continua a fazer sempre que a sua presença é requisitada.</p>



<p>Atualmente, desempenha funções de Assistente de Direção numa empresa em Lisboa, mas a área da Comunicação será sempre uma herança vinda do desconhecido, até ao fim da vida, e que a tratará com o seu maior profissionalismo.</p>



<p>Pessoa simples, grata e a pensar sempre no próximo, é com humildade que procura comunicar com todos e, acima de tudo, representar a sua terra, Nisa, sempre que puder e tiver essa oportunidade.</p>



<figure class="wp-block-image size-large is-resized"><a href="https://www.prolepsys.pt/?product=artesanato-de-nisa-o-legado-de-um-povo"><img loading="lazy" decoding="async" width="629" height="1024" src="https://www.prolepsys.pt/wp-content/uploads/2025/03/Capa-629x1024.jpg" alt="" class="wp-image-534" style="width:169px;height:auto" srcset="https://www.prolepsys.pt/wp-content/uploads/2025/03/Capa-629x1024.jpg 629w, https://www.prolepsys.pt/wp-content/uploads/2025/03/Capa-scaled-600x976.jpg 600w, https://www.prolepsys.pt/wp-content/uploads/2025/03/Capa-184x300.jpg 184w, https://www.prolepsys.pt/wp-content/uploads/2025/03/Capa-768x1250.jpg 768w, https://www.prolepsys.pt/wp-content/uploads/2025/03/Capa-944x1536.jpg 944w, https://www.prolepsys.pt/wp-content/uploads/2025/03/Capa-1258x2048.jpg 1258w, https://www.prolepsys.pt/wp-content/uploads/2025/03/Capa-scaled.jpg 1573w" sizes="auto, (max-width: 629px) 100vw, 629px" /></a></figure>

<p>Patrícia Porto nasceu em 1978 em Portalegre, mas foi na vila de Nisa que sempre viveu até 2007. Com raízes na aldeia da Salavessa, pelo lado materno, e na vila de Nisa, pelo lado paterno, concluiu o ensino secundário em Nisa, mas antes já pensava na rádio, em locuções e na escrita. Em 2003, licenciou-se [&hellip;]</p>
