{"id":577,"date":"2025-09-01T14:30:17","date_gmt":"2025-09-01T14:30:17","guid":{"rendered":"https:\/\/www.prolepsys.pt\/?post_type=product&#038;p=577"},"modified":"2026-04-09T21:49:01","modified_gmt":"2026-04-09T21:49:01","slug":"resquicios-da-historia-do-grupo-desportivo-vidense","status":"publish","type":"product","link":"https:\/\/www.prolepsys.pt\/?product=resquicios-da-historia-do-grupo-desportivo-vidense","title":{"rendered":"Resqu\u00edcios da Hist\u00f3ria do Grupo Desportivo Vidense"},"content":{"rendered":"<div>Mais do que uma cronologia, este livro \u00e9 um tributo \u00e0 paix\u00e3o, resili\u00eancia e ao esp\u00edrito comunit\u00e1rio que moldaram o Grupo Desportivo Vidense. Desde a sua Funda\u00e7\u00e3o, o leitor \u00e9 guiado atrav\u00e9s dos primeiros passos burocr\u00e1ticos aos seus Estatutos que refletem as adapta\u00e7\u00f5es e o crescimento do G.D.V. ao longo do tempo.<\/div>\n<div>A Vida Associativa \u00e9 retratada em toda a sua riqueza. O leitor descobrir\u00e1 a vibrante din\u00e2mica social atrav\u00e9s dos bailes e espet\u00e1culos que animavam a comunidade, a complexidade da gest\u00e3o financeira do G.D.V., e a dedica\u00e7\u00e3o dos seus cont\u00ednuos. Uma cronologia dos \u00f3rg\u00e3os sociais oferece um panorama completo da lideran\u00e7a ao longo dos anos, bem como um espa\u00e7o especial aos seus pilares: os s\u00f3cios.<\/div>\n<div>Ao explorar as diversas modalidades que o G.D.V. abra\u00e7ou, este livro \u00e9 um convite a reviver a hist\u00f3ria, celebrar as conquistas e honrar a mem\u00f3ria de todos aqueles que contribu\u00edram para fazer do Grupo Desportivo Vidense muito mais do que um clube, mas um verdadeiro marco na vida desta vila de Cabe\u00e7o de Vide.<\/div>\n","protected":false},"excerpt":{"rendered":"<p>Mais do que uma cronologia, este livro \u00e9 um tributo \u00e0 paix\u00e3o, resili\u00eancia e ao esp\u00edrito comunit\u00e1rio que moldaram o Grupo Desportivo Vidense. Desde a sua Funda\u00e7\u00e3o, o leitor \u00e9 guiado atrav\u00e9s dos primeiros passos burocr\u00e1ticos aos seus Estatutos que refletem as adapta\u00e7\u00f5es e o crescimento do G.D.V. ao longo do tempo. A Vida Associativa [&hellip;]<\/p>\n","protected":false},"featured_media":578,"comment_status":"closed","ping_status":"closed","template":"","meta":[],"product_brand":[],"product_cat":[35],"product_tag":[],"class_list":{"0":"post-577","1":"product","2":"type-product","3":"status-publish","4":"has-post-thumbnail","6":"product_cat-livro","7":"product_shipping_class-livros","9":"first","10":"instock","11":"featured","12":"shipping-taxable","13":"purchasable","14":"product-type-simple"},"_links":{"self":[{"href":"https:\/\/www.prolepsys.pt\/index.php?rest_route=\/wp\/v2\/product\/577","targetHints":{"allow":["GET"]}}],"collection":[{"href":"https:\/\/www.prolepsys.pt\/index.php?rest_route=\/wp\/v2\/product"}],"about":[{"href":"https:\/\/www.prolepsys.pt\/index.php?rest_route=\/wp\/v2\/types\/product"}],"replies":[{"embeddable":true,"href":"https:\/\/www.prolepsys.pt\/index.php?rest_route=%2Fwp%2Fv2%2Fcomments&post=577"}],"wp:featuredmedia":[{"embeddable":true,"href":"https:\/\/www.prolepsys.pt\/index.php?rest_route=\/wp\/v2\/media\/578"}],"wp:attachment":[{"href":"https:\/\/www.prolepsys.pt\/index.php?rest_route=%2Fwp%2Fv2%2Fmedia&parent=577"}],"wp:term":[{"taxonomy":"product_brand","embeddable":true,"href":"https:\/\/www.prolepsys.pt\/index.php?rest_route=%2Fwp%2Fv2%2Fproduct_brand&post=577"},{"taxonomy":"product_cat","embeddable":true,"href":"https:\/\/www.prolepsys.pt\/index.php?rest_route=%2Fwp%2Fv2%2Fproduct_cat&post=577"},{"taxonomy":"product_tag","embeddable":true,"href":"https:\/\/www.prolepsys.pt\/index.php?rest_route=%2Fwp%2Fv2%2Fproduct_tag&post=577"}],"curies":[{"name":"wp","href":"https:\/\/api.w.org\/{rel}","templated":true}]}}

Resquícios da História do Grupo Desportivo Vidense

<div>Mais do que uma cronologia, este livro é um tributo à paixão, resiliência e ao espírito comunitário que moldaram o Grupo Desportivo Vidense. Desde a sua Fundação, o leitor é guiado através dos primeiros passos burocráticos aos seus Estatutos que refletem as adaptações e o crescimento do G.D.V. ao longo do tempo.</div>
<div>A Vida Associativa é retratada em toda a sua riqueza. O leitor descobrirá a vibrante dinâmica social através dos bailes e espetáculos que animavam a comunidade, a complexidade da gestão financeira do G.D.V., e a dedicação dos seus contínuos. Uma cronologia dos órgãos sociais oferece um panorama completo da liderança ao longo dos anos, bem como um espaço especial aos seus pilares: os sócios.</div>
<div>Ao explorar as diversas modalidades que o G.D.V. abraçou, este livro é um convite a reviver a história, celebrar as conquistas e honrar a memória de todos aqueles que contribuíram para fazer do Grupo Desportivo Vidense muito mais do que um clube, mas um verdadeiro marco na vida desta vila de Cabeço de Vide.</div>

<p>Mais do que uma cronologia, este livro é um tributo à paixão, resiliência e ao espírito comunitário que moldaram o Grupo Desportivo Vidense. Desde a sua Fundação, o leitor é guiado através dos primeiros passos burocráticos aos seus Estatutos que refletem as adaptações e o crescimento do G.D.V. ao longo do tempo. A Vida Associativa [&hellip;]</p>
