{"id":580,"date":"2025-09-02T20:31:38","date_gmt":"2025-09-02T20:31:38","guid":{"rendered":"https:\/\/www.prolepsys.pt\/?post_type=product&#038;p=580"},"modified":"2026-02-18T16:31:15","modified_gmt":"2026-02-18T16:31:15","slug":"terrugem-olhares-no-tempo","status":"publish","type":"product","link":"https:\/\/www.prolepsys.pt\/?product=terrugem-olhares-no-tempo","title":{"rendered":"Terrugem \u2013 Olhares no Tempo"},"content":{"rendered":"<p>&#8220;Terrugem \u2013 Olhares no Tempo&#8221; \u00e9 um livro que contempla a hist\u00f3ria desta vila saloia, situada na Uni\u00e3o de Freguesias de S. Jo\u00e3o das Lampas e Terrugem.<br \/>\nViaje no tempo e conhe\u00e7a, por exemplo, os vest\u00edgios da presen\u00e7a romana, a hist\u00f3ria da capela de S. Sebasti\u00e3o, todo o processo de constru\u00e7\u00e3o e recupera\u00e7\u00e3o da Igreja de S. Jo\u00e3o Degolado, os enterros no seu interior, no adro e no alpendre, as consequ\u00eancias do terramoto de 1755, os apelidos das fam\u00edlias existentes na Terrugem entre os s\u00e9culos XVII e XIX, os escravos e a origem dos top\u00f3nimos atribu\u00eddos \u00e0s ruas.<br \/>\nEntre tantos outros temas abordados, acompanhe ainda a evolu\u00e7\u00e3o urbana ao longo dos s\u00e9culos, a chegada da luz el\u00e9trica, o abastecimento de \u00e1gua.<\/p>\n","protected":false},"excerpt":{"rendered":"<p>&#8220;Terrugem \u2013 Olhares no Tempo&#8221; \u00e9 um livro que contempla a hist\u00f3ria desta vila saloia, situada na Uni\u00e3o de Freguesias de S. Jo\u00e3o das Lampas e Terrugem. Viaje no tempo e conhe\u00e7a, por exemplo, os vest\u00edgios da presen\u00e7a romana, a hist\u00f3ria da capela de S. Sebasti\u00e3o, todo o processo de constru\u00e7\u00e3o e recupera\u00e7\u00e3o da Igreja [&hellip;]<\/p>\n","protected":false},"featured_media":581,"comment_status":"closed","ping_status":"closed","template":"","meta":[],"product_brand":[],"product_cat":[35],"product_tag":[],"class_list":{"0":"post-580","1":"product","2":"type-product","3":"status-publish","4":"has-post-thumbnail","6":"product_cat-livro","7":"product_shipping_class-livros","9":"first","10":"instock","11":"shipping-taxable","12":"purchasable","13":"product-type-simple"},"_links":{"self":[{"href":"https:\/\/www.prolepsys.pt\/index.php?rest_route=\/wp\/v2\/product\/580","targetHints":{"allow":["GET"]}}],"collection":[{"href":"https:\/\/www.prolepsys.pt\/index.php?rest_route=\/wp\/v2\/product"}],"about":[{"href":"https:\/\/www.prolepsys.pt\/index.php?rest_route=\/wp\/v2\/types\/product"}],"replies":[{"embeddable":true,"href":"https:\/\/www.prolepsys.pt\/index.php?rest_route=%2Fwp%2Fv2%2Fcomments&post=580"}],"wp:featuredmedia":[{"embeddable":true,"href":"https:\/\/www.prolepsys.pt\/index.php?rest_route=\/wp\/v2\/media\/581"}],"wp:attachment":[{"href":"https:\/\/www.prolepsys.pt\/index.php?rest_route=%2Fwp%2Fv2%2Fmedia&parent=580"}],"wp:term":[{"taxonomy":"product_brand","embeddable":true,"href":"https:\/\/www.prolepsys.pt\/index.php?rest_route=%2Fwp%2Fv2%2Fproduct_brand&post=580"},{"taxonomy":"product_cat","embeddable":true,"href":"https:\/\/www.prolepsys.pt\/index.php?rest_route=%2Fwp%2Fv2%2Fproduct_cat&post=580"},{"taxonomy":"product_tag","embeddable":true,"href":"https:\/\/www.prolepsys.pt\/index.php?rest_route=%2Fwp%2Fv2%2Fproduct_tag&post=580"}],"curies":[{"name":"wp","href":"https:\/\/api.w.org\/{rel}","templated":true}]}}

<p>&#8220;Terrugem – Olhares no Tempo&#8221; é um livro que contempla a história desta vila saloia, situada na União de Freguesias de S. João das Lampas e Terrugem.<br />
Viaje no tempo e conheça, por exemplo, os vestígios da presença romana, a história da capela de S. Sebastião, todo o processo de construção e recuperação da Igreja de S. João Degolado, os enterros no seu interior, no adro e no alpendre, as consequências do terramoto de 1755, os apelidos das famílias existentes na Terrugem entre os séculos XVII e XIX, os escravos e a origem dos topónimos atribuídos às ruas.<br />
Entre tantos outros temas abordados, acompanhe ainda a evolução urbana ao longo dos séculos, a chegada da luz elétrica, o abastecimento de água.</p>

<p>&#8220;Terrugem – Olhares no Tempo&#8221; é um livro que contempla a história desta vila saloia, situada na União de Freguesias de S. João das Lampas e Terrugem. Viaje no tempo e conheça, por exemplo, os vestígios da presença romana, a história da capela de S. Sebastião, todo o processo de construção e recuperação da Igreja [&hellip;]</p>
