{"id":586,"date":"2025-09-02T20:56:19","date_gmt":"2025-09-02T20:56:19","guid":{"rendered":"https:\/\/www.prolepsys.pt\/?post_type=product&#038;p=586"},"modified":"2026-04-30T16:39:07","modified_gmt":"2026-04-30T16:39:07","slug":"por-detras-da-otica","status":"publish","type":"product","link":"https:\/\/www.prolepsys.pt\/?product=por-detras-da-otica","title":{"rendered":"Por Detr\u00e1s da \u00d3tica"},"content":{"rendered":"<p>&#8220;Por Detr\u00e1s da \u00d3tica&#8221; resgata as experi\u00eancias de um dedicado faroleiro. As viv\u00eancias nos far\u00f3is ao longo da costa transformaram-se num livro que revela o \u00e1rduo trabalho, as observa\u00e7\u00f5es meticulosas e os momentos de partilha que moldaram a vida deste homem. Mais do que um relato t\u00e9cnico, esta obra oferece uma perspetiva \u00edntima da identidade humana por detr\u00e1s da fun\u00e7\u00e3o de faroleiro, abrangendo quase 40 anos de servi\u00e7o. Atrav\u00e9s deste testemunho, descobrimos a sua paix\u00e3o por guiar os navegantes e reconhecemos o valor humano inerente \u00e0 sua profiss\u00e3o, tal como o patrim\u00f3nio dos pr\u00f3prios far\u00f3is.<br \/>\nEste livro eleva-se como um farol de homenagem \u00e0 vida abnegada de todos os faroleiros que, de alma e cora\u00e7\u00e3o, iluminam os mares com a sua dedica\u00e7\u00e3o.<\/p>\n","protected":false},"excerpt":{"rendered":"<p>&#8220;Por Detr\u00e1s da \u00d3tica&#8221; resgata as experi\u00eancias de um dedicado faroleiro. As viv\u00eancias nos far\u00f3is ao longo da costa transformaram-se num livro que revela o \u00e1rduo trabalho, as observa\u00e7\u00f5es meticulosas e os momentos de partilha que moldaram a vida deste homem. Mais do que um relato t\u00e9cnico, esta obra oferece uma perspetiva \u00edntima da identidade [&hellip;]<\/p>\n","protected":false},"featured_media":588,"comment_status":"closed","ping_status":"closed","template":"","meta":[],"product_brand":[],"product_cat":[35],"product_tag":[],"class_list":{"0":"post-586","1":"product","2":"type-product","3":"status-publish","4":"has-post-thumbnail","6":"product_cat-livro","7":"product_shipping_class-livros","9":"first","10":"instock","11":"featured","12":"shipping-taxable","13":"purchasable","14":"product-type-simple"},"_links":{"self":[{"href":"https:\/\/www.prolepsys.pt\/index.php?rest_route=\/wp\/v2\/product\/586","targetHints":{"allow":["GET"]}}],"collection":[{"href":"https:\/\/www.prolepsys.pt\/index.php?rest_route=\/wp\/v2\/product"}],"about":[{"href":"https:\/\/www.prolepsys.pt\/index.php?rest_route=\/wp\/v2\/types\/product"}],"replies":[{"embeddable":true,"href":"https:\/\/www.prolepsys.pt\/index.php?rest_route=%2Fwp%2Fv2%2Fcomments&post=586"}],"wp:featuredmedia":[{"embeddable":true,"href":"https:\/\/www.prolepsys.pt\/index.php?rest_route=\/wp\/v2\/media\/588"}],"wp:attachment":[{"href":"https:\/\/www.prolepsys.pt\/index.php?rest_route=%2Fwp%2Fv2%2Fmedia&parent=586"}],"wp:term":[{"taxonomy":"product_brand","embeddable":true,"href":"https:\/\/www.prolepsys.pt\/index.php?rest_route=%2Fwp%2Fv2%2Fproduct_brand&post=586"},{"taxonomy":"product_cat","embeddable":true,"href":"https:\/\/www.prolepsys.pt\/index.php?rest_route=%2Fwp%2Fv2%2Fproduct_cat&post=586"},{"taxonomy":"product_tag","embeddable":true,"href":"https:\/\/www.prolepsys.pt\/index.php?rest_route=%2Fwp%2Fv2%2Fproduct_tag&post=586"}],"curies":[{"name":"wp","href":"https:\/\/api.w.org\/{rel}","templated":true}]}}