{"id":658,"date":"2026-04-09T21:52:08","date_gmt":"2026-04-09T21:52:08","guid":{"rendered":"https:\/\/www.prolepsys.pt\/?post_type=product&#038;p=658"},"modified":"2026-04-09T22:06:13","modified_gmt":"2026-04-09T22:06:13","slug":"lameiras-e-armes-olhares-no-tempo","status":"publish","type":"product","link":"https:\/\/www.prolepsys.pt\/?product=lameiras-e-armes-olhares-no-tempo","title":{"rendered":"Lameiras e Arm\u00e9s \u2013 Olhares no Tempo"},"content":{"rendered":"<div>&#8220;Lameiras e Arm\u00e9s \u2013 Olhares no Tempo&#8221; \u00e9 uma viagem hist\u00f3rica e cultural, mergulhando nas ra\u00edzes de duas localidades singulares do concelho de Sintra.<br \/>\nDesde as remotas origens geol\u00f3gicas, passando pelos vest\u00edgios do Paleol\u00edtico, do Povoado pr\u00e9-hist\u00f3rico, \u00e0 imponente Ocupa\u00e7\u00e3o Romana, este livro desvenda um passado rico e diversificado. Atrav\u00e9s dos s\u00e9culos, acompanhamos tamb\u00e9m Arm\u00e9s como sede de vintena no s\u00e9culo XIV, o trabalho \u00e1rduo nas pedreiras \u00e0 arte em pedra, a evolu\u00e7\u00e3o social e econ\u00f3mica, a influ\u00eancia do Marqu\u00eas de Pombal e o impacto das guerras mundiais.<br \/>\nDescubra o apogeu e o decl\u00ednio das ind\u00fastrias locais, a arquitetura saloia e o fervilhante associativismo \u2014 o Rancho Folcl\u00f3rico das Lameiras, os grupos musicais, a Banda Filarm\u00f3nica, o Teatro, os grupos desportivos, as Marchas Populares \u2014 at\u00e9 \u00e0 constru\u00e7\u00e3o da igreja, sem esquecer a importante e secular comemora\u00e7\u00e3o do 1.\u00ba de Maio.<\/div>\n","protected":false},"excerpt":{"rendered":"<p>&#8220;Lameiras e Arm\u00e9s \u2013 Olhares no Tempo&#8221; \u00e9 uma viagem hist\u00f3rica e cultural, mergulhando nas ra\u00edzes de duas localidades singulares do concelho de Sintra. Desde as remotas origens geol\u00f3gicas, passando pelos vest\u00edgios do Paleol\u00edtico, do Povoado pr\u00e9-hist\u00f3rico, \u00e0 imponente Ocupa\u00e7\u00e3o Romana, este livro desvenda um passado rico e diversificado. Atrav\u00e9s dos s\u00e9culos, acompanhamos tamb\u00e9m Arm\u00e9s [&hellip;]<\/p>\n","protected":false},"featured_media":659,"comment_status":"closed","ping_status":"closed","template":"","meta":[],"product_brand":[],"product_cat":[35],"product_tag":[],"class_list":{"0":"post-658","1":"product","2":"type-product","3":"status-publish","4":"has-post-thumbnail","6":"product_cat-livro","7":"product_shipping_class-livros","9":"first","10":"instock","11":"featured","12":"shipping-taxable","13":"purchasable","14":"product-type-simple"},"_links":{"self":[{"href":"https:\/\/www.prolepsys.pt\/index.php?rest_route=\/wp\/v2\/product\/658","targetHints":{"allow":["GET"]}}],"collection":[{"href":"https:\/\/www.prolepsys.pt\/index.php?rest_route=\/wp\/v2\/product"}],"about":[{"href":"https:\/\/www.prolepsys.pt\/index.php?rest_route=\/wp\/v2\/types\/product"}],"replies":[{"embeddable":true,"href":"https:\/\/www.prolepsys.pt\/index.php?rest_route=%2Fwp%2Fv2%2Fcomments&post=658"}],"wp:featuredmedia":[{"embeddable":true,"href":"https:\/\/www.prolepsys.pt\/index.php?rest_route=\/wp\/v2\/media\/659"}],"wp:attachment":[{"href":"https:\/\/www.prolepsys.pt\/index.php?rest_route=%2Fwp%2Fv2%2Fmedia&parent=658"}],"wp:term":[{"taxonomy":"product_brand","embeddable":true,"href":"https:\/\/www.prolepsys.pt\/index.php?rest_route=%2Fwp%2Fv2%2Fproduct_brand&post=658"},{"taxonomy":"product_cat","embeddable":true,"href":"https:\/\/www.prolepsys.pt\/index.php?rest_route=%2Fwp%2Fv2%2Fproduct_cat&post=658"},{"taxonomy":"product_tag","embeddable":true,"href":"https:\/\/www.prolepsys.pt\/index.php?rest_route=%2Fwp%2Fv2%2Fproduct_tag&post=658"}],"curies":[{"name":"wp","href":"https:\/\/api.w.org\/{rel}","templated":true}]}}